{"id":1721,"date":"2023-08-13T11:02:12","date_gmt":"2023-08-13T09:02:12","guid":{"rendered":"https:\/\/medinaworld.de\/?post_type=product&#038;p=1721"},"modified":"2023-08-13T11:15:34","modified_gmt":"2023-08-13T09:15:34","slug":"test-produkt","status":"publish","type":"product","link":"https:\/\/medinaworld.de\/?product=test-produkt","title":{"rendered":"test produkt"},"content":{"rendered":"<p>Die Grundreinigung von Haus oder Wohnung bezieht sich auf eine umfassende Reinigung, bei der s\u00e4mtliche R\u00e4ume und Oberfl\u00e4chen gr\u00fcndlich gereinigt werden. Dabei werden in der Regel auch schwer erreichbare Stellen, wie beispielsweise Fensterrahmen, T\u00fcrklinken oder hohe Regale, gr\u00fcndlich gereinigt.<br \/>\nEine Grundreinigung kann in verschiedenen Situationen sinnvoll sein. Zum Beispiel wenn ein neues Zuhause bezogen wird und man es vor dem Einzug gr\u00fcndlich reinigen m\u00f6chte. Oder auch wenn man eine Wohnung nach dem Auszug in einem sauberen Zustand hinterlassen m\u00f6chte, um die Mietkaution zur\u00fcckzuerhalten. Dar\u00fcber hinaus kann eine Grundreinigung auch nach Renovierungsarbeiten oder gr\u00f6\u00dferen Bauma\u00dfnahmen erforderlich sein, um den entstandenen Schmutz zu beseitigen.<br \/>\nBei einer Grundreinigung werden in der Regel folgende Aufgaben durchgef\u00fchrt:<\/p>\n","protected":false},"excerpt":{"rendered":"<p>Die Grundreinigung von Haus oder Wohnung bezieht sich auf eine umfassende Reinigung, bei der s\u00e4mtliche R\u00e4ume und Oberfl\u00e4chen gr\u00fcndlich gereinigt werden. Dabei werden in der Regel auch schwer erreichbare Stellen, wie beispielsweise Fensterrahmen, T\u00fcrklinken oder hohe Regale, gr\u00fcndlich gereinigt. Eine Grundreinigung kann in verschiedenen Situationen sinnvoll sein. Zum Beispiel wenn ein neues Zuhause bezogen wird [&#8230;]\n","protected":false},"featured_media":0,"comment_status":"open","ping_status":"closed","template":"","meta":{"jetpack_post_was_ever_published":false},"product_cat":[15],"product_tag":[],"class_list":{"0":"post-1721","1":"product","2":"type-product","3":"status-publish","5":"product_cat-kategorie","7":"first","8":"instock","9":"sale","10":"shipping-taxable","11":"purchasable","12":"product-type-simple"},"jetpack-related-posts":[{"id":1808,"url":"https:\/\/medinaworld.de\/?product=lalalala-test","url_meta":{"origin":1721,"position":0},"title":"lalalala test","author":"medinaworld","date":"13. August 2023","format":false,"excerpt":"Die Grundreinigung von Haus oder Wohnung bezieht sich auf eine umfassende Reinigung, bei der s\u00e4mtliche R\u00e4ume und Oberfl\u00e4chen gr\u00fcndlich gereinigt werden. Dabei werden in der Regel auch schwer erreichbare Stellen, wie beispielsweise Fensterrahmen, T\u00fcrklinken oder hohe Regale, gr\u00fcndlich gereinigt. Eine Grundreinigung kann in verschiedenen Situationen sinnvoll sein. Zum Beispiel wenn\u2026","rel":"","context":"\u00c4hnlicher Beitrag","block_context":{"text":"\u00c4hnlicher Beitrag","link":""},"img":{"alt_text":"","src":"https:\/\/i0.wp.com\/medinaworld.de\/wp-content\/uploads\/512-\u00d7-512-px1.png?fit=512%2C512&ssl=1&resize=350%2C200","width":350,"height":200},"classes":[]}],"_links":{"self":[{"href":"https:\/\/medinaworld.de\/index.php?rest_route=\/wp\/v2\/product\/1721","targetHints":{"allow":["GET"]}}],"collection":[{"href":"https:\/\/medinaworld.de\/index.php?rest_route=\/wp\/v2\/product"}],"about":[{"href":"https:\/\/medinaworld.de\/index.php?rest_route=\/wp\/v2\/types\/product"}],"replies":[{"embeddable":true,"href":"https:\/\/medinaworld.de\/index.php?rest_route=%2Fwp%2Fv2%2Fcomments&post=1721"}],"wp:attachment":[{"href":"https:\/\/medinaworld.de\/index.php?rest_route=%2Fwp%2Fv2%2Fmedia&parent=1721"}],"wp:term":[{"taxonomy":"product_cat","embeddable":true,"href":"https:\/\/medinaworld.de\/index.php?rest_route=%2Fwp%2Fv2%2Fproduct_cat&post=1721"},{"taxonomy":"product_tag","embeddable":true,"href":"https:\/\/medinaworld.de\/index.php?rest_route=%2Fwp%2Fv2%2Fproduct_tag&post=1721"}],"curies":[{"name":"wp","href":"https:\/\/api.w.org\/{rel}","templated":true}]}}